inder when 37 is divided by y?
7
Suppose -26 = -5*t - 3*i, -43 = -4*t + 4*i + i. Let v = t + 7. Let z = v - 8. Calculate the remainder when 11 is divided by z.
5
Let z = -166 + 173. What is the remainder when 25 is divided by z?
4
Let r(l) = -3*l**3 + 22*l**2 - 19*l - 3. Let a(j) = -j**3 + 7*j**2 - 6*j - 1. Let w(b) = 7*a(b) - 2*r(b). What is the remainder when 12 is divided by w(3)?
2
Let c = -33 + 37. Let p = 11 - 6. Suppose -t + p = k + c, -5*t - 25 = -k. Calculate the remainder when 8 is divided by k.
3
Let u = 6 - 2. Suppose u*r - 6*r + 2 = 0, 0 = -5*q - 3*r + 88. Suppose 5*c - 3*v - 180 = 0, -v + 5*v - 46 = -2*c. What is the remainder when c is divided by q?
16
Suppose 48 = -2*c - 2*c - u, 5*c = 3*u - 60. Let r = c - -20. What is the remainder when 30 is divided by r?
6
Suppose -11*v + 12*v - 18 = 0. What is the remainder when v is divided by 10?
8
Let l(b) = -3*b**3 - 2*b - 2. What is the remainder when l(-2) is divided by 9?
8
Let j = 90 + -81. Calculate the remainder when j is divided by 4.
1
Suppose -33 = -3*z + 4*x, z = 2*z + 5*x - 30. Suppose 8 = 2*y - 8. Calculate the remainder when z is divided by y.
7
Let f(u) = 287 - 292 + 0*u**2 + 3*u**2 - 2*u. Suppose -2*z - 2*z = -16. Calculate the remainder when f(z) is divided by 12.
11
Let z = 122 - 82. Let h(q) = q + 12. Let u be h(-8). Suppose -u*w + z = -w - 4*g, -5*g - 52 = -4*w. Calculate the remainder when w is divided by 5.
3
Suppose -h = -3*h - 18. Let v = h + 6. Let o = v + 4. Calculate the remainder when o is divided by 1.
0
Suppose -3*h = -9 - 21. Let p = -16 + h. What is the remainder when 1 is divided by (p/9)/((-2)/3)?
0
Let o(y) = 3*y - 11. Let b(c) = 3*c - 12. Let q(n) = 4*b(n) - 5*o(n). What is the remainder when q(-8) is divided by 11?
9
Let u(v) = -v**3 - 4*v**2 + 8*v - 6. Calculate the remainder when u(-6) is divided by 3.
0
Let y be -2 - (-1 + -8 + -1). Let h = y + 0. Calculate the remainder when h is divided by 2/11 - (-558)/198.
2
Let s(q) = q - 6. Let c(v) = -2*v - 3. Let j be c(-4). Suppose 4*n - j*n = -7. What is the remainder when n is divided by s(10)?
3
Let f(v) = -16*v - 1. Calculate the remainder when f(-1) is divided by 1/(-2*3/(-54)).
6
Let i(z) = -2*z**3 - 3*z**2 - z - 8. Calculate the remainder when i(-4) is divided by 26.
24
Let z(c) = -c**2 + 3*c. Let n be z(3). Let h = -3 + 8. Let k = h + n. Calculate the remainder when 14 is divided by k.
4
Let a be (4/5)/(4/10). Suppose -x + a*x - 4 = 0. Suppose 3*y = -12, -7*r - 5*y + 4 = -3*r. Calculate the remainder when r is divided by x.
2
What is the remainder when 1/(-10)*-764 + (-6)/15 is divided by 40?
36
Suppose -5*o = -o - 292. Suppose -175 = -y - 68. Let f = y - o. What is the remainder when f is divided by 12?
10
Let k(l) = -l. Let d be k(-2). Suppose q = 5*r - 2, 2*q + d*r - 27 = -7. Calculate the remainder when 21 is divided by q.
5
Let n(r) = -r**3 + 3*r**2 - r + 2. Let s be n(2). Suppose -g = -s, 3*x = -2*g + 5*g + 57. Let i(z) = z. Calculate the remainder when x is divided by i(12).
11
Let z = -1 + 3. Calculate the remainder when (z/(-2))/((-4)/20) is divided by 3.
2
Let l(j) = 2*j**2 - 15*j + 31. Calculate the remainder when 231 is divided by l(8).
36
Let i = 48 - -30. Calculate the remainder when i is divided by 40.
38
Let n(s) = s + 0*s - 2*s. Let t be n(1). Let h(v) = -27*v**3 + 2*v**2 + 2*v + 1. What is the remainder when h(t) is divided by 10?
8
Suppose -3*o = -9 + 3. Suppose a - o*y = 20, -3*y - 2*y = 5*a - 55. What is the remainder when 39 is divided by a?
11
Suppose -3*y = 2*y + 4*j - 38, -5*j + 34 = 4*y. Let o(b) = b**3 + 6*b**2 - 10*b - 6. Calculate the remainder when o(-7) is divided by y.
3
Let i(h) = -h**3 + h + 2. Let p be i(-1). Suppose -d = -2*b - 19, -5*d = -p*b - 0*b - 87. What is the remainder when 67 is divided by d?
16
Suppose -3*w + 104 = 4*x + 8, 0 = 5*x + 4*w - 121. Suppose -50 = -3*a + 8*a. Let l = 21 + a. What is the remainder when x is divided by l?
10
Let o = 69 + -47. Calculate the remainder when o is divided by 8.
6
Suppose 9 = 5*k - o + 1, -5*o = 4*k - 18. Suppose -k*b + 4 = -b. What is the remainder when b is divided by (14/(-4) + 2)*-2?
1
Suppose 2*z = -2*z + 1260. Suppose 7*h + z = 2*h. Calculate the remainder when (-2)/4*(h + 1) is divided by 11.
9
Let t(q) = 3*q - 3. Let s be t(3). Let g = 8 - s. Calculate the remainder when 5 is divided by g.
1
Let j(f) = -f**3 - 8*f**2 + 8*f. Suppose 2*x - 4*b + 2 = 0, -3 = -x + 3*b - 0. Let z = 102 + -68. What is the remainder when z is divided by j(x)?
7
Let l be 2/(-5) - (-188)/20. Let b = -12 - l. Let z = -14 - b. Calculate the remainder when 12 is divided by z.
5
Let o = -15 - -35. Calculate the remainder when 2/(-1) - (-61 + 1) is divided by o.
18
Let h(z) = -z**3 - 7*z**2 + 8*z. Let f be h(-8). Suppose f = 5*l - 0*l - 55. What is the remainder when (0 - -2) + (-29)/(-1) is divided by l?
9
Let c(a) = -a**2 + 21*a - 50. Calculate the remainder when c(13) is divided by 28.
26
Suppose 0 = 5*o + 4*a - 6*a - 148, 0 = -5*o + 5*a + 145. Let x = 11 + 0. Calculate the remainder when o is divided by x.
8
Suppose h + 5 = 0, -h + 47 = 4*o - 4*h. Calculate the remainder when 28 is divided by o.
4
Let i = 46 + -30. Suppose -3*j - 4*w + 7 = 0, -2 = -2*w - 0*w. Calculate the remainder when i is divided by 18/4*(1 + j).
7
Let l = -9 - -14. What is the remainder when 17/2 + (-2)/4 is divided by l?
3
Suppose -m + 12 = 3*m. What is the remainder when m is divided by 3?
0
Let j be (-1169)/(-91) + (-6)/(-39). Suppose 9*p = j*p - 116. What is the remainder when p is divided by 8?
5
What is the remainder when 15 is divided by ((-6)/(-7))/((-15)/(-70))?
3
Let u(z) = 3 + 2*z - 3 + z**2 + 3*z + 3. Calculate the remainder when u(-6) is divided by 6.
3
Let u = 20 + 70. Calculate the remainder when u is divided by 19.
14
What is the remainder when (34/(-5))/((-3)/15) is divided by (6/15)/((-1)/(-30))?
10
Let m(t) = 2*t - 4. Suppose -12*o = -2*o - 20. What is the remainder when m(4) is divided by o?
0
Let r = -2 + 0. Let j be 1 + 2/2 - r. Suppose -j*a + 2*o = -5 - 29, 40 = 5*a - 2*o. What is the remainder when 11 is divided by a?
5
Suppose 393 = 2*j + j. Calculate the remainder when j is divided by 45.
41
Calculate the remainder when 45 - (1 + 0 + 2) is divided by ((-66)/9)/((-3)/9).
20
Suppose -5*d = -2*o + o - 9, -2*o = -4*d + 6. Calculate the remainder when 3 is divided by d.
1
Let q be ((-2)/(-3))/((-3)/(-54)). Let f = 19 - q. What is the remainder when f is divided by (32/(-28))/(6/(-21))?
3
Suppose 0 = -4*o + 68 + 12. Calculate the remainder when 79 is divided by o.
19
Suppose 4*z = 48 + 132. What is the remainder when z is divided by 8?
5
Suppose -2*h + 254 = -0. Calculate the remainder when h is divided by 13.
10
Suppose -4 = -2*k - 0*k. Suppose -2*p = k*j - 78, -j + 5*p + 3 = -12. Let w = 19 + -7. Calculate the remainder when j is divided by w.
11
Suppose g - 4 = 3*g, -4*u + 100 = -2*g. Calculate the remainder when 22 is divided by (32/u)/(2/9).
4
Suppose -1 = -3*y - 2*m + 28, 0 = 3*y - 5*m - 22. Suppose 5*p = -3*i + 36, 0*p - 2*p - 3*i + y = 0. Calculate the remainder when p is divided by 2.
1
Suppose 3*f - k + 130 = 0, 99 = -3*f - 3*k - 51. Let h = -25 - f. What is the remainder when 78 is divided by h?
18
What is the remainder when ((-2)/6)/((-22)/(-12) + -2) is divided by (-6)/(-4) - (-1)/2?
0
Suppose 4*b + x = 40, -41 = -4*b - b + x. What is the remainder when 17 is divided by b?
8
Let t(l) = -l - 3. Let c be t(-3). What is the remainder when 8 is divided by -9*((-2)/6 - c)?
2
Suppose -3*r = -3*s + 42, 4*s - 2*r - 28 = 26. Calculate the remainder when (-8)/12*3 + 54 + -2 is divided by s.
11
Let t(f) = 17*f - 6. Let n = 11 + 5. Calculate the remainder when t(4) is divided by n.
14
Suppose -3*n - 24 = -3*o - 0*n, -5*n - 22 = o. Suppose 122 = 3*d - 0*c - 2*c, 5*c + 125 = o*d. What is the remainder when d is divided by 21?
19
Let a = 34 + -24. Let k be 0 - (0 - 0 - 2). Let n(q) = 4*q**3 + q**2 + 1. Calculate the remainder when n(k) is divided by a.
7
Let c(p) = -p**3 - 6*p**2 - 4*p + 7. Let z = 6 - 1. Let d = 7 - z. Calculate the remainder when c(-5) is divided by d.
0
Suppose -o = -2*o + 1. Suppose 0 = -2*m + 3*m - o. What is the remainder when 1 is divided by m?
0
Let n = -69 + 75. Let l(d) = d**2 + 3*d - 9. Let g be l(-8). Suppose 2*